+ 17. What is the highest common factor of a and u?
3
Suppose -507 + 1587 = 5*i. Calculate the highest common factor of 24 and i.
24
Let f(w) = 131*w - 3. Let y be f(1). Calculate the greatest common divisor of 16 and y.
16
Let a = 411 + -247. Suppose -2*z - 3*l + a = -0*z, -3*z + 5*l + 284 = 0. What is the highest common factor of z and 8?
8
Suppose 20 = 4*p - 2*v - 10, 4*p + 2*v = 10. Let w(u) = u**2 + 4*u - 1. Let x be w(p). Suppose -x + 8 = -4*z. Calculate the highest common divisor of z and 63.
9
Let k = -38 + 54. Suppose -v + k = v. Let t(z) = -z**3 - 2*z**2 - 3*z - 2. Let b be t(-2). What is the highest common factor of b and v?
4
Let h(j) = 4*j**2 + 4*j + 5. Let n be h(-2). Calculate the greatest common factor of n and 52.
13
Suppose -3*w - 3*v + 38 = v, v - 32 = -3*w. Suppose -9*g + 785 = 155. Calculate the greatest common factor of w and g.
10
Let d be (153/8 - 5) + 1/(-8). What is the greatest common factor of d and 28?
14
Let w(i) = -i**3 - 22*i**2 + 20. Let n be w(-22). Calculate the greatest common divisor of 80 and n.
20
Let j be 2/(2*(-2)/(-8)). Let f(g) = -12*g - 2. Let z(q) = -11*q - 2. Let x(r) = 4*f(r) - 5*z(r). Let c be x(j). Calculate the highest common factor of c and 6.
6
Suppose 2*y = -4*t - 0*y + 304, -2*t = -y - 152. Let w = t + -28. Calculate the greatest common divisor of 6 and w.
6
Let w(z) = -z - 1. Let n be w(-19). What is the highest common divisor of n and 12?
6
Suppose 7*h - 186 - 3 = 0. Calculate the highest common factor of 3 and h.
3
Let a = 0 + 23. Calculate the highest common divisor of a and 115.
23
Suppose 2*k - 3*t = -10, 4*k = 3*k + 5*t - 12. Let z be (5/(-4))/(k/24). Calculate the greatest common divisor of z and 45.
15
Suppose 4*r - 287 = 105. What is the greatest common divisor of r and 14?
14
Let l = -24 - -36. Calculate the highest common factor of 108 and l.
12
Let x(f) = f**3 + 7*f**2 - 10*f + 11. Let i be 2*1/2*-8. Let o be x(i). Calculate the highest common divisor of o and 9.
9
Let d(l) = l**2 + 6*l - 9. Let t be d(6). Let u(s) = 5 - s**3 - s - 4 + 0*s**3 - s**2. Let c be u(-2). Calculate the greatest common factor of c and t.
7
Let j(o) be the third derivative of 13*o**5/60 - o**4/8 - o**3/2 - 3*o**2. Let x be j(-2). What is the highest common factor of 11 and x?
11
Let l = 183 - 177. What is the highest common divisor of l and 24?
6
Let c be -204*(4 + 52/(-12)). What is the greatest common divisor of 102 and c?
34
Suppose -403 = -4*r + 237. Calculate the highest common factor of 32 and r.
32
Let s = 62 + -55. What is the highest common divisor of 35 and s?
7
Suppose 2*n = -5*c + 115, 4*n + 24 - 309 = c. What is the highest common divisor of 10 and n?
10
Suppose 4*k - 37 = 47. Let z(v) = -18*v - 36. Let i be z(-9). What is the greatest common divisor of k and i?
21
Let h = -178 + -20. Suppose 0 = 4*y - 4*s + 454 - 1682, -5*y + 2*s = -1520. Let p = h + y. Calculate the greatest common divisor of p and 13.
13
Suppose -3*r + 42 = 3*r. What is the greatest common factor of 7 and r?
7
Let c(q) = -7*q - 2*q**3 + 2*q - 2 + 0*q**3 + 2*q**2 + 3*q**3. Let d be c(-3). Let n be (2 + -1*d)*-48. Calculate the highest common divisor of 12 and n.
12
Suppose -l = -3*l + 66. Suppose -187 - l = -4*p. Let r be 14/3 - (-15)/45. Calculate the highest common divisor of p and r.
5
Let l(q) = -q**3 + 2*q**2 + 3*q + 1. Let u be l(-2). Suppose -49 = -c + u. What is the greatest common factor of c and 12?
12
Let f be (-7)/42 + 313/6. Calculate the greatest common divisor of f and 13.
13
Let c(b) = -b**2 - 6*b + 7. Let a be c(-6). Let s = 143 - 17. Suppose -s = -j - j. Calculate the greatest common factor of j and a.
7
Let a = 10 - 6. Suppose d + 233 = 3*t + 68, 3*d = a*t - 215. Let p = t - 32. What is the highest common factor of 8 and p?
8
Let o(m) = -m**3 - m**2 + 4*m. Let w be o(-5). What is the greatest common divisor of 10 and w?
10
Suppose 260 = 4*f - 132. Let w(l) = -3*l - 7. Let a be w(-7). What is the greatest common factor of a and f?
14
Suppose -y + 2 + 3 = 0. Let p be (5 - 65/15) + (-4)/(-3). Calculate the highest common divisor of p and y.
1
Suppose -34*v = -35*v + 11. Calculate the highest common divisor of 11 and v.
11
Let j = -42 - -71. Let w(u) = -u**3 - 13*u**2 - 19*u - 14. Let h be w(-12). Let r = h + j. Calculate the highest common factor of 11 and r.
11
Let v(i) = -i**2 - 6*i - 6. Let f be v(-4). Let m be (3/(-4))/(f/(-408)). Calculate the highest common factor of m and 17.
17
Let c(t) = 9*t. Suppose 0 = 2*q + 4*g - 22, 8 = -5*q + 3*g - 2. Let o be c(q). Calculate the greatest common factor of o and 36.
9
Suppose 0 = -2*g - 5*z + 29, 4*g - 2*g - 2*z = 8. Calculate the highest common factor of g and 21.
7
Let t(f) = -f - 1. Let c be t(-12). Calculate the highest common factor of c and 99.
11
Let d be (-40)/(-15)*(45/2 - 0). What is the highest common divisor of d and 75?
15
Let v(i) = -3*i. Let x be v(-9). What is the greatest common factor of x and 189?
27
Suppose -4*c + 0*c = 0. Suppose c*t - 3*t = -21. Suppose -o - 31 = -4*z, -4 - 4 = z + 5*o. Calculate the highest common factor of z and t.
7
Let r = -6 - -10. Suppose -3*g = r*w + 34, -g + 4*w - 16 = g. Let q = g - -19. What is the highest common factor of 99 and q?
9
Suppose 0 = -3*q + 4*p + 106, 2*q - 47 = -5*p + 39. What is the greatest common divisor of q and 152?
38
Let q(x) = x**2 + 7*x - 17. Let n be q(3). Calculate the greatest common divisor of n and 78.
13
Let q = 112 + -37. What is the greatest common divisor of q and 50?
25
Suppose -d + 4*m = -0*d - 30, -2*m + 90 = 3*d. Calculate the greatest common divisor of d and 15.
15
Let r = 18 - 12. What is the greatest common divisor of r and 6?
6
Suppose x - 22 = -3. Suppose -5*n + 0*n + 380 = 0. What is the highest common divisor of x and n?
19
Suppose 2*c = 28 - 0. Let d be 20/(-3)*(-63)/c. What is the highest common divisor of 6 and d?
6
Let v(u) = -u - 7. Let g = -7 + 0. Let k be v(g). Let w = 34 - k. What is the greatest common factor of 17 and w?
17
Let q(t) = t - 15. Let i be q(25). Suppose 0 = 2*j + 52 - 632. Suppose 2*p + 29 - 204 = -x, 0 = 3*p - 4*x - j. Calculate the greatest common divisor of p and i.
10
Suppose 4*j = 13 + 7. Calculate the highest common divisor of j and 20.
5
Let d(c) = c**3 + 12*c**2 + 11*c + 1. Let l be d(-11). Let x = l + 7. Calculate the highest common factor of x and 8.
8
Let o = 3 - 3. Suppose 4*d = 6*d + 5*u - 14, o = d - 5*u + 8. Let t(z) = z + 2. Let h be t(d). What is the greatest common divisor of h and 16?
4
Let c(h) be the second derivative of 2*h**3/3 - h**2 + 3*h. Let u be c(5). Let j(i) = -42*i - 6. Let f be j(-4). Calculate the highest common factor of u and f.
18
Let v(x) = 4*x**2 + 1. Let w(r) = -4*r**2 + r - 2. Let f(h) = 4*v(h) + 3*w(h). Let u be f(2). Calculate the highest common factor of u and 50.
10
Suppose 18 = -8*s + 10*s. What is the greatest common factor of 27 and s?
9
Let l be (0 - -7)*120/28. Calculate the greatest common divisor of 12 and l.
6
Suppose 0 = 5*p + 4*v - 48, -3*v + 2 = -2*v. Calculate the greatest common factor of p and 72.
8
Let q(y) = y**3 + 6*y**2 + 5*y + 2. Let c be q(-5). Let z be ((-3)/c)/((-1)/2). Let s be z/4 - 1002/(-8). Calculate the highest common divisor of 18 and s.
18
Let m be (200/(-12))/(4/(-24)). What is the greatest common factor of 20 and m?
20
Let w = -333 - -483. Suppose -6*u = -u - w. Calculate the highest common factor of u and 20.
10
Suppose -f - 4*f = -35. Suppose z - 23 = 40. What is the highest common divisor of f and z?
7
Let j(y) = -7*y - 1. Let s be j(-1). Let t = -49 - -64. Calculate the highest common factor of s and t.
3
Suppose -116 = -4*r - 4*s, 0 = -4*r - s + 2*s + 91. What is the greatest common divisor of 6 and r?
6
Let q = 31 + -9. What is the greatest common divisor of 11 and q?
11
Let o(m) = -m**3 + 17*m**2 + 18*m + 10. Let w be o(18). Suppose 0 = 5*i + 8 - 3. Let z be 2*(-1 - 39)/i. Calculate the highest common factor of w and z.
10
Suppose -3 - 1 = -t. Suppose 680 = 5*b + 3*k, t*k + 136 = 3*b - 2*b. Calculate the highest common factor of b and 17.
17
Let c be (144/(-27))/(1/3). Let l = c + 26. What is the highest common divisor of 110 and l?
10
Suppose 3*a - 2*m - 631 = 0, 2*a = -3*m + 153 + 246. What is the highest common divisor of 23 and a?
23
Let i = 4 - -31. Calcu